 59. Is q(-2) a composite number?
True
Let h(g) = -2*g - 39. Let r be h(-15). Let p(j) = -j**3 + 7*j**2 - 6*j + 11. Is p(r) a prime number?
True
Let t = -464 - -653. Let o = t - 115. Is o a prime number?
False
Suppose -48 = -5*c + 17. Is (c/(-4))/(2/(-16)) prime?
False
Is (-1)/(-6 - 280241/(-46709)) prime?
True
Suppose 4*d - 126756 = 4*g, -2*g + 20433 + 106311 = 4*d. Is d a composite number?
False
Let u(q) = -7*q**3 + 87*q + 41. Is u(-20) composite?
True
Let a(h) = -3*h + 4*h + 17*h**2 + 67*h**2. Is a(1) a composite number?
True
Let u = 125 - 121. Suppose h - 1 = 0, 2*k + 2*h = -2*k + 2. Suppose -2*v + p - 20 + 101 = k, -u*v = -5*p - 177. Is v a prime number?
False
Let d = -7063 - -18170. Is d composite?
True
Let g be (-11)/(-3 + -4 + (-9068)/(-1296)). Let f = g + -2311. Is f a prime number?
False
Let g(i) = i**3 + 6*i**2 + 6*i + 9. Let n be g(-5). Suppose -n*k + 908 - 192 = 0. Is k composite?
False
Is (-8 + (-47510)/(-20))*(1 + 1) a prime number?
False
Let z(p) = 2*p**2 + 5*p + 2. Let q be z(-2). Let n be -2 + (q/4 - -3). Is (n/(-1))/((-3)/267) a prime number?
True
Suppose -8*p + 53 = 13. Suppose 0 = -3*t + t - 3*r + 1133, -t - p*r + 556 = 0. Is t composite?
False
Let j(k) be the first derivative of 5*k**3 + 3*k**2/2 - 17*k + 16. Is j(-8) a composite number?
False
Let k = -1389 - -5378. Is k prime?
True
Let b = 32681 - 16174. Is b composite?
True
Let v = 9613 - 4310. Is v composite?
False
Let z(y) = 1030*y**2 + 37*y + 63. Is z(-2) a prime number?
False
Suppose 0 = -4*h - 4, 5*j + 4*h = 175461. Is j composite?
True
Let k(o) = o**3 + 7*o**2 - 22*o - 106. Let t be k(-8). Let b(a) = -11*a + 2*a - 1 - 6 + 7*a**2. Is b(t) composite?
False
Let y(m) = -m**2 - 6*m + 1. Let z be y(-6). Is z/8 + 3189/24 prime?
False
Suppose -5*l - 191 = 4*c, -c + 4*l - 6 = 26. Is (-2)/8 + (-15279)/c composite?
False
Suppose -x = -0*x + 5*b - 48, -124 = -2*x + 4*b. Let o(f) = 3 - 9*f**2 - x*f**3 + 11*f**2 - 4. Is o(-1) a composite number?
False
Suppose g - 259 = -4*z + 2*g, 5*z + g - 317 = 0. Let a be (z/24)/(2/141). Is 6/(-4)*a/(-6) a composite number?
False
Suppose -20*b + 18*b = -6. Is (-1)/((-1)/b) - (-2 - 182) composite?
True
Let l = 88 - 86. Suppose 4*g = 5*w + 3070 - 141, 2*w = -l. Is g a composite number?
True
Suppose -p + 5 = 0, 7 = o + 3*o - p. Let k(l) = 7*l**3 - 4*l**2 + 2*l + 7. Is k(o) composite?
True
Suppose -34690 - 13175 = -15*f. Is f composite?
False
Suppose -5*p + 0*b - 2*b + 15 = 0, 0 = -4*p + 5*b - 21. Let t(m) = -26*m**3 + m**2. Let z be t(p). Let w = z + 94. Is w composite?
True
Let m(s) = -2*s + 17. Let g be m(7). Suppose -3*k + 0*q - g*q = 15, -25 = -3*k + 5*q. Is 1 - (k - (-3 - -4)) prime?
True
Let f be (4 - 6)*(2 + -1). Let y be -727 - -2 - (4 + f). Let o = y - -1170. Is o prime?
True
Let k be 3 + -3 - -2 - (0 + 1). Is k/(-2) - 3*(-2644)/8 a composite number?
False
Let o = 70919 + -12814. Is o composite?
True
Let g(y) = 1297*y + 165. Is g(8) a prime number?
False
Let b(m) = -m**2 + 94*m**2 + 4 + m + 24*m**2 + 109*m**2. Let z be b(-3). Suppose -7*q + z = -2*q. Is q a composite number?
True
Let q = 36625 - 20898. Is q a prime number?
True
Suppose 2603 = 3*g - 2*p, g + 2*p = 6*g - 4341. Is g prime?
False
Suppose 92*u - 106*u + 443366 = 0. Is u a composite number?
True
Suppose 3*i + 15 = 0, 0*i = -4*w + 3*i + 35. Suppose -w*b = -7 - 18. Suppose 2*c = b*l + 200, 2*c - 3*l = -l + 194. Is c composite?
True
Suppose -447 = c - s, -6*c - 4*s - 906 = -4*c. Is 6/(-2)*2/(6/c) composite?
False
Let a = -37 + 45. Suppose a*o - 281 - 1311 = 0. Is o a prime number?
True
Is 1/((-4)/(-57140)) + (11 - 15) prime?
True
Suppose z - 7453 = -d, -6618 - 8276 = -2*d + 4*z. Is d prime?
True
Suppose 4*c + c - 5*m + 1315 = 0, 3*c + 787 = 4*m. Is -3*2/3 - (0 + c) a prime number?
True
Let y(m) = m**2 + 12*m + 22. Suppose 4*a + 52 = 2*q, 4*q + 0*q - 16 = 0. Is y(a) a composite number?
False
Suppose k - 14 = -37. Let g(i) = -94*i + 11. Is g(k) composite?
True
Is 3716 + (4 - (-1 + (-1 - -3))) a composite number?
False
Let r = 6006 + 23623. Is r prime?
True
Suppose 107300 = 18*t - 24802. Is t composite?
True
Let x = 16 + -12. Is (-63)/(-1) - (x + -6)*1 composite?
True
Let o(t) = 6*t - 24. Let h be o(4). Suppose -4*x = -5*p - 5328, h*x + 2*p = 2*x - 2666. Is x composite?
True
Let x = -33 + 22. Let y(u) = -4*u + 8. Let p be y(x). Suppose 4*h - 2*d - 99 = d, 2*h - p = 2*d. Is h a composite number?
True
Suppose 6*j + 5 = -2*b + 3*j, -j + 15 = 4*b. Let v(z) = -z**3 + 12*z**2 - 3*z - 11. Is v(b) a prime number?
True
Suppose 4*x - 2*x + 2 = 0. Let a be 6*x/((-8)/76). Suppose 2*b - 13 = a. Is b prime?
False
Suppose -19*h + 23262 = -13*h. Is h prime?
True
Let r = -899 + 287. Let p = 1255 + r. Suppose 2*f = 6*f + 2*n - 1262, 0 = -2*f + 3*n + p. Is f a prime number?
True
Let t(g) be the third derivative of -g**6/40 + g**5/30 - g**4/12 + g**3/6 - 13*g**2. Is t(-6) a prime number?
True
Let q be 4/6 + 5460/(-9). Let x = q + 897. Is x a composite number?
True
Suppose d - 3335 = -4*o, -5*d + 0*d - 2530 = -3*o. Is o composite?
True
Let o(l) = -194*l - 1. Let z be o(6). Let m be (3 - z) + -1 + -2. Suppose -m = 2*w - 7*w. Is w composite?
False
Let n(l) = -3*l**3 - 7*l**2 + 7*l - 6. Let r be n(-8). Suppose d = 0, 3*q + 0*d = -d + r. Suppose -7*m + 3*m + 2*w = -q, 0 = 5*w + 5. Is m a composite number?
True
Let v(l) = l**2 - 4*l - 3. Let g(s) = -s**2 - 8*s - 2. Let d be g(-7). Let r be v(d). Suppose -4*c + 94 = -r*c. Is c a composite number?
False
Let u = 17602 - 8141. Is u composite?
False
Let i(r) = -3*r + 9. Let b be i(13). Let f = 53 + b. Is f a composite number?
False
Suppose 2*a - 508253 = 6*i - 11*i, -4*i = -12. Is a a prime number?
True
Suppose -c + 3759 = 2*f, -5*f - 7674 = 4*c - 22713. Is c a composite number?
False
Is (6 + -5)/((-6)/(-373242)) prime?
True
Let a(j) = -50144*j + 15. Is a(-1) composite?
False
Let p be 63211/(-6) + (3 - 2)/6. Is p/(-42) - 1/(-6) a prime number?
True
Let k(v) = 76*v**3 - 10*v**2 + 38*v - 3. Is k(7) prime?
True
Is (-7057388)/8*(-6)/39 a prime number?
True
Let l = 96 + -91. Suppose 2*f - 48 + 379 = l*t, t = -5*f + 77. Is t composite?
False
Suppose 25544 = -4*x + 6796. Let m = -2563 - x. Is m/4 - (3 + -7) a prime number?
False
Let i(a) = 5*a**2 + 5*a + 5. Let k(m) = 5*m**2 + 5*m + 4. Let q(c) = -5*i(c) + 6*k(c). Let t(b) = b**2 + 18*b + 38. Let r be t(-15). Is q(r) a prime number?
False
Let f(b) = 3*b**3 - 2*b**2 + 3*b + 7. Let n be f(5). Suppose -n = -a + 462. Is a prime?
True
Let f(r) = 6*r - 8. Let s be f(3). Suppose s*o - 12*o = -78. Is o prime?
False
Suppose 0 = -2*l - 4*n + 13569 + 785, -4*n - 21531 = -3*l. Is l a composite number?
False
Let n be -3 + 2 + -2 + (-6 - -13). Is 327 - (-4 + 0/n) a composite number?
False
Suppose 84*b - 49*b = 1097495. Is b composite?
False
Let n(c) = 30*c**2 - 26*c - 215. Is n(-12) a composite number?
True
Suppose 187578 = 58*l - 1141144. Is l composite?
True
Let q = 0 + 5. Suppose -4*h = 3*m - 0*m - 24, 5 = 5*m - q*h. Suppose m*i - 402 = -2*i. Is i prime?
True
Let y(t) = -6*t + 11. Let d be y(4). Let a(u) = -u**3 - 12*u**2 + 9*u - 9. Is a(d) a prime number?
True
Let m = 136 + -131. Suppose 3*q + 5*v - 11975 = 3*v, -19925 = -5*q + m*v. Is q a prime number?
True
Suppose 3*d - c + 1 = -0*c, -5*d - 4*c = 13. Let l be d - 1 - (-12 + 7). Is 5*(l - 1744/(-10)) prime?
True
Let m(n) = 2*n**3 + 7*n**2 - 8*n - 9. Suppose -8 = -3*y + 2*y. Is m(y) composite?
False
Let q be -28*(2 + 0)*(-6)/4. Is 1442/(-4)*(-48)/q + -1 a prime number?
False
Suppose 5*h = -4*y + 3*y - 2, 3*h - 6 = 3*y. Let a(j) = -1 + j**3 + 3*j - 2*j + 7*j + 11*j**2 + h*j. Is a(-9) a prime number?
True
Let m(d) = 507*d + 41. Is m(6) composite?
False
Suppose 0 = 5*w - g - 154086, -w = -0*w + 2*g - 30815. Is w a prime number?
True
Let r(k) = 4*k + 14. Let c be r(-8). Let b = c + 39. Is b prime?
False
Let s(p) = p**2 - 8*p - 11. Let n be s(9). Let i be n/(-13) - (-1051)/13. Let g = 284 - i. Is g a composite number?
True
Suppose -3 = -5*y + 7. Suppose -y*c + 92 = -0*c. Is 9*(0 - c/(-6)) prime?
False
Suppose q + 4*q - 10 = 0. Suppose 0 = 11*k - 2*k - 17703. Suppose -6*h + k = -h + q*n, -n = h - 391. Is h composite?
True
Suppose 11*j = 6*j + c + 3841, j - 4*c = 753. Is j prime?
True
Let f(c) = 1278*c**2 + 15*c - 31. Is f(4) composite?
False
Let m(h) = -149*h - 4. Let z be m(-7)